 be the third derivative of g**6/120 + g**5/15 + 5*g**3/6 - 2*g**2 - 40. Suppose -5*f - 20 = -5. Let l be ((-2)/f)/((-1)/6). Determine i(l).
5
Let h be 209/(-22)*14/1. Let w = h - -139. Let z(q) = 2*q**3 - 7*q**2 + 0 + 2*q - 4*q - 1 + w*q**2. What is z(2)?
7
Let q(n) = -5*n**3 + 5*n**2 - 11*n + 1. Let g be -2*((-27)/(-18) - 7). Let p(w) = -14*w**3 + 15*w**2 - 31*w + 4. Let h(y) = g*q(y) - 4*p(y). Give h(4).
-9
Suppose 5 = a - 60*o + 58*o, 19 = 3*a - 2*o. Let t(i) = -15 - a*i + 20 + 0*i + 4*i**2. Determine t(2).
7
Let a(u) = 12*u - 37. Suppose 157 = 62*o + 174 - 327. Calculate a(o).
23
Let q(f) = -f**3 + 11*f**2 + 14*f - 13. Suppose 5*k + 0*u - 847 = -4*u, -5*k - u = -838. Let t = -155 + k. Give q(t).
11
Let n(z) be the second derivative of -z**4/6 + z**3/6 - 6*z**2 + 104*z. Let o(u) be the first derivative of n(u). Calculate o(-2).
9
Let t = -9 - -15. Let h(y) = -2*y - y + y - t*y. Let r(m) = -7*m + 1. Let z(p) = 6*h(p) - 7*r(p). Give z(4).
-3
Let u = 54 + -51. Let p(n) = 123 + 117 - 237 + u*n. What is p(-4)?
-9
Let a(d) = d**3 + 4*d**2 + d + 2. Suppose 0 = -q + 2*u - 12, -3*q - 129*u - 16 = -130*u. What is a(q)?
-2
Suppose 5*h = 2*h + 15. Let g be 36/20 - 3/(-15). Let j(o) = -h + 7*o + 0 + 10*o**2 - 5*o**2 - 6*o**g. Calculate j(8).
-13
Let m(f) = f**3 - 9*f**2 - f + 1. Let q = -107 - -109. Suppose r - 42 = -5*o, -3*r - q = -4*r. Let v be 4/o*-1*-18. Calculate m(v).
-8
Let p = 75 + -71. Suppose 3*i + 5*i = p*i. Suppose -10 = -2*b, i = -5*a - 3*b + 27 + 18. Let y(z) = z**2 - 6*z - 1. What is y(a)?
-1
Let a be ((2610/(-20))/(-29))/(6/8). Let o(b) = -b. What is o(a)?
-6
Let t(w) = -w**2 - 4*w + 76. Suppose 9*f + 459 = 145*f - 493. Give t(f).
-1
Let m(g) = -g + 1. Let z(b) = b**2 - b - 2. Let f be z(7). Let a = f - 35. Suppose -h - 15 = -4*l, -4*h - 3*l + 12 = -a*h. Determine m(h).
4
Let k(x) = -697*x**2 - 10*x + 1404*x**2 - 713*x**2 + 15 + x**3. Let i be (-2 - (-13)/3)*3. Give k(i).
-6
Let o(h) be the second derivative of 0 - 1/20*h**5 + 3/2*h**2 + 0*h**3 + 8*h - 5/12*h**4. Let l = -9 + 4. Determine o(l).
3
Suppose 46*d + 234*d - 1346 = 1454. Let c(n) = n**2 - 3*n - 91. Determine c(d).
-21
Let r(a) = -127*a**2 - 77*a - 47. Let t(m) = 57*m**2 + 38*m + 23. Let y(w) = 4*r(w) + 9*t(w). Determine y(-6).
-5
Let a = 2439 - 2436. Let u(l) be the first derivative of -l**2 + 10. What is u(a)?
-6
Suppose 5*q - w - 288 = -5*w, -9 = 3*w. Suppose q = -7*j - 3*j. Let r(c) = 0 + 1 - 1 - 3 - c. What is r(j)?
3
Let d = -80106 - -80089. Let t(l) be the second derivative of -l**3/6 - 25*l**2/2 + 3*l. Give t(d).
-8
Suppose 36*d - 105 = -33*d - 1278. Let m(v) = -v - 15. Calculate m(d).
2
Let o(r) be the first derivative of -5/3*r**3 + 7/2*r**2 + 0*r - 1/4*r**4 + 4. Suppose -17 = 3*h + u, 5 = -3*h + u - 14. What is o(h)?
-6
Let v(o) = -23*o**3 - 176*o**2 - o - 4. Let r(g) = -g**3 - 8*g**2. Let f(x) = -22*r(x) + v(x). Let q(h) = -h**2 - 7*h - 6. Let w be q(-6). What is f(w)?
-4
Let d = 171 + -199. Let h = d - -22. Let p(b) = b - 2. Give p(h).
-8
Let w(h) = -2*h**2 - 4*h - 8. Let x(v) = -2*v**2 - 3*v - 7. Let t(b) = -3*w(b) + 4*x(b). Give t(4).
-36
Let o(q) = -3*q**2 - 30*q + 3. Suppose -7 = 4*x + 3*w, 0 = -3*x + 5*w - 21 - 6. Let k(p) = 3*p**2 + 25*p - 2. Let a(m) = x*o(m) - 5*k(m). What is a(-3)?
-14
Suppose 0 = -25*z + 20*z + 25, -18 = l - 3*z. Let h(t) = 4*t + 3. Calculate h(l).
-9
Let d be ((-33)/6)/(5/10). Let f(k) = -2*k**2 - 87*k. Let v(p) = -p**2 - 40*p - 1. Let o(c) = -4*f(c) + 9*v(c). Give o(d).
2
Let m(c) = c**2 - 144*c - 585. Let j(r) = -r**2 + 115*r + 460. Let s(y) = -14*j(y) - 11*m(y). Calculate s(9).
4
Let k(o) = 3 + 15 + 0*o + o - 2. Let z(c) = c**3 - 2*c**2 + 22*c - 52. Let j be z(2). Calculate k(j).
8
Let p = -102 + 212. Let l(x) = p - x - 58 - 57. Determine l(-5).
0
Let z(k) = 3167*k - 5 + 12 + 3173*k - 6335*k. What is z(3)?
22
Let y(m) = 15*m - 8. Let q(s) = -23*s + 13. Let r(z) = -5*q(z) - 8*y(z). Let w(t) = -3*t - 9. Let x be w(0). Let p be 2/(-3)*x/(-3). Determine r(p).
9
Let s(o) = o. Let n = -2971 - -2973. Give s(n).
2
Suppose a - 3*a = 18. Let j(k) be the first derivative of -k**2/2 - 3*k + 30924. Give j(a).
6
Let m(i) = 2*i**2 - 10*i + 6. Let q be ((-136)/12)/((-8)/12). Let z = q + 1. Suppose -b = 2*b + 4*u - 2, -b + 3*u + z = 0. Determine m(b).
18
Let u(r) = -r**3 + 50*r**2 - 182*r - 90. Let l be u(46). Let n(q) be the third derivative of 1/8*q**4 + 0 - 31*q**l + 7/6*q**3 + 0*q. What is n(-5)?
-8
Let h(q) = 11 - 11 - 2*q - 4*q + 4*q - 4. Let d = -26 + 18. Let z be 4 + d + (-1)/(-1). Calculate h(z).
2
Let n = 2329 - 2354. Let g(q) = -2*q - 44. Determine g(n).
6
Let j(a) = -3 + a**2 - 4*a**2 - 8*a + 2*a**2 - 4. Let s be (3/6)/(5/40). Suppose w + 2*h = 4*h - 16, -3*w = -s*h + 38. Determine j(w).
5
Let n(b) = 4*b - 28. Let f be n(8). Let h(l) = -7*l - 1 - 4*l + f*l. Let i be (-3 + 3 - 5) + -2 + 5. What is h(i)?
13
Let j(y) = 6128*y + 33 - 2039*y - 2045*y - 2042*y. Determine j(-16).
1
Let q(a) = -6*a + 13*a**2 + 10*a + 38833*a**3 - 27 - 38832*a**3 - 4*a**2. Determine q(-8).
5
Let g(q) = 5*q**3 + 3*q**2 - 2*q. Let m be g(1). Suppose m*k = 4 + 2. Let n(t) = -106*t + 109*t - k - 4. Give n(4).
7
Let r = -4694 + 4694. Let b(v) = v**3 + v**2 - v - 2. Calculate b(r).
-2
Suppose -4 = -c + 3*p, -4*c + 9 = 4*p - 7. Let j(o) = -o**3 - 3*o**2 - 3*o + 2. Let v be j(-3). Let u(h) = 7*h - 5 - v*h - 5*h**2 + 10*h + h**3. What is u(c)?
3
Suppose 283*s - 281*s = -8. Let g(k) = -2*k + 1. Let v(b) = 10*b - 5. Let j(x) = s*g(x) - v(x). Determine j(6).
-11
Let v(g) be the third derivative of -g**6/60 - g**5/60 - g**4/24 - 2*g**3/3 + 2549*g**2. Give v(0).
-4
Suppose 5*s - 291 = -4*h, 5*h + 132 - 363 = -4*s. Let m(f) = -65*f + 188*f - 65*f - 18 - s*f. Calculate m(-10).
-8
Suppose -3*b + 75 = -411. Suppose -190 = 4*i - b. Let g(h) = 2*h - 9. Calculate g(i).
-23
Let n be (-207)/(-9) + -8 + 28/(-4). Let z(y) = -19*y - 2 + 21*y - 1. Give z(n).
13
Let r = 23 + -19. Suppose 2*s - 4 = 4*s, -s + 14 = r*f. Let w(k) = -12*k**2 + 1 + k**3 - k + 9*k**2 - k**2. Determine w(f).
-3
Let x(m) = 19*m. Let z(a) = 11*a - 3. Let i(p) = -x(p) + z(p). Give i(1).
-11
Let l(z) be the third derivative of z**6/120 - 13*z**5/60 + 13*z**4/12 - 13*z**3/3 + 179*z**2 - 7. Calculate l(11).
18
Let t(b) be the third derivative of b**4/24 - 7*b**3/6 - 14986*b**2. Let s(x) = 3*x - 5. Let d be s(5). What is t(d)?
3
Let i(v) = 33*v - 3126. Let o be i(95). Let p(h) = -26*h + 230. Give p(o).
-4
Let w(z) = -z**3 + 134*z**2 + 13*z - 244. Let r(c) = -c**3 + 111*c**2 + 13*c - 244. Let p(t) = 5*r(t) - 4*w(t). Calculate p(19).
3
Let h(v) = v**3 - 4*v**2 - 3*v + 5. Let p = 179 - 173. Suppose -7*r + p*r = -4. Give h(r).
-7
Let q(s) = -s**3 + 12*s**2 - 19*s - 4. Let n = -721 - -731. Give q(n).
6
Suppose 0 = -16*q + 13*q + 15. Suppose -2*a + 4*i = -4*a + 30, q*a - 4*i - 5 = 0. Let z(w) = -a*w**2 + 3*w**3 + 0*w**3 - 2*w**3 + 4*w + w. Calculate z(4).
4
Let v = 5 + -3. Suppose 5*a + 16 = a, -v*t + 4 = -2*a. Let l(c) = -26*c - 33. Let n(j) = -31*j - 39. Let w(s) = -7*l(s) + 6*n(s). Determine w(t).
5
Let i(u) = -3*u + 5. Let t = 767 - 764. Suppose -20 = -3*w + 4*m - 15, -12 = -t*m. Determine i(w).
-16
Let c(p) = -6*p + 3. Let h(u) be the second derivative of -17*u**3/6 + 7*u**2/2 + 2*u - 16. Let r(j) = -11*c(j) + 4*h(j). What is r(-9)?
13
Let s(i) be the first derivative of -i**4/4 - 9*i**3 - 13*i**2 - 3*i + 682. Determine s(-26).
-3
Let z = -18 - -17. Let g(k) = k**2 + k. Let p(s) = s**3 - 9*s**2 - 6*s + 1. Let l(r) = z*p(r) - 5*g(r). Suppose i - 5 = 6*x - 8*x, 1 = -x - 4*i. Determine l(x).
11
Suppose 128 + 193 = 3*f. Let p = f + -82. Let g(h) = 4 + h - p + 7 + 12. Determine g(-4).
-6
Suppose -w = -4*j + 20, -2*j = 3*j - 10. Let k(n) be the second derivative of n**5/20 + 11*n**4/12 - 7*n**3/3 - 15*n**2/2 - 7791*n + 1. Give k(w).
9
Let j(w) = w**3 + 11*w**2 + 105*w + 1419. Let q be j(-12). Let f(m) be the second derivative of 0 - q*m - 1/2*m**3 - m**2. Give f(-3).
7
Let n(a) = a - 7. Let w = -56 - -61. Let h(o) = -o - 4*o + o + w*o. Let l(m) = 3*h(m) + n(m). Determine l(5).
13
Let v be (26 + 11 + -23)*(-4)/8. Let a(k) = -k**2 - 2*k - 39. Give a(v).
-74
Let d = 45 + -63. Let p be 6/(-4)*(-5 - 6/d). Let q be -3 + (12/(-24) - p/(-2)). Let v(k) = k**2 + 4. What is v(q)?
4
Suppose -4*v + 2*v + 20 = 0. Let k(p) = 3*p**3 - 8*p*